 184.
174
Calculate the remainder when 3287003 is divided by 4145.
18
What is the remainder when 4674948 is divided by 1359?
1347
Calculate the remainder when 100274065 is divided by 14.
3
What is the remainder when 3065230 is divided by 340572?
82
Calculate the remainder when 58128213 is divided by 106.
39
What is the remainder when 495244 is divided by 245345?
4554
Calculate the remainder when 102588 is divided by 76.
64
Calculate the remainder when 279183 is divided by 138322.
2539
Calculate the remainder when 872323 is divided by 79302.
1
Calculate the remainder when 9563556 is divided by 558.
552
Calculate the remainder when 3552902 is divided by 35529.
2
What is the remainder when 3126334 is divided by 1562393?
1548
Calculate the remainder when 110097815 is divided by 110097805.
10
Calculate the remainder when 261694 is divided by 14538.
10
Calculate the remainder when 3829499 is divided by 212749.
17
Calculate the remainder when 2396380 is divided by 6829.
6230
What is the remainder when 4002 is divided by 3130?
872
What is the remainder when 3174020 is divided by 195?
5
Calculate the remainder when 51166 is divided by 16872.
550
Calculate the remainder when 1611049 is divided by 20.
9
What is the remainder when 59233365 is divided by 12?
9
Calculate the remainder when 11890273 is divided by 22.
21
What is the remainder when 781031 is divided by 156148?
291
What is the remainder when 21274 is divided by 3222?
1942
Calculate the remainder when 172843 is divided by 21.
13
Calculate the remainder when 28734520 is divided by 4395.
10
What is the remainder when 3527956 is divided by 11?
3
What is the remainder when 238840 is divided by 605?
470
Calculate the remainder when 28179458 is divided by 103.
100
Calculate the remainder when 59916 is divided by 3312.
300
What is the remainder when 1423715 is divided by 29055?
20
What is the remainder when 1410298 is divided by 704751?
796
Calculate the remainder when 24779562 is divided by 173.
80
Calculate the remainder when 27257116 is divided by 183.
181
What is the remainder when 1437165 is divided by 2829?
33
What is the remainder when 1754871 is divided by 135?
6
Calculate the remainder when 3087333 is divided by 19918.
43
What is the remainder when 98419722 is divided by 26?
24
What is the remainder when 1025131 is divided by 9671?
5
What is the remainder when 2179268 is divided by 2845?
2843
What is the remainder when 17466 is divided by 2062?
970
What is the remainder when 117472972 is divided by 3455087?
14
What is the remainder when 7535972 is divided by 753596?
12
What is the remainder when 288139004 is divided by 385?
384
Calculate the remainder when 4094935 is divided by 192.
151
Calculate the remainder when 29507716 is divided by 33.
7
What is the remainder when 31685101 is divided by 6703?
20
Calculate the remainder when 447057 is divided by 222905.
1247
What is the remainder when 18511120 is divided by 2644424?
152
What is the remainder when 24701 is divided by 5696?
1917
What is the remainder when 2518043 is divided by 124?
99
What is the remainder when 98770 is divided by 123?
1
What is the remainder when 13405920 is divided by 529?
2
What is the remainder when 78573 is divided by 8703?
246
Calculate the remainder when 44255887 is divided by 3251.
24
Calculate the remainder when 900211 is divided by 7763.
7466
What is the remainder when 5807339 is divided by 1386?
1385
Calculate the remainder when 1384177 is divided by 461388.
13
Calculate the remainder when 208744 is divided by 1847.
33
What is the remainder when 431270 is divided by 431231?
39
What is the remainder when 234350745 is divided by 2210856?
9
Calculate the remainder when 1451342 is divided by 2743.
295
Calculate the remainder when 844153 is divided by 121.
57
What is the remainder when 456362 is divided by 1100?
962
Calculate the remainder when 993675 is divided by 118.
115
Calculate the remainder when 22576579 is divided by 601.
14
Calculate the remainder when 17861018 is divided by 208.
58
What is the remainder when 131604665 is divided by 17?
15
What is the remainder when 192078 is divided by 2663?
342
What is the remainder when 17850113 is divided by 2948?
2921
What is the remainder when 73816 is divided by 2110?
2076
What is the remainder when 62517890 is divided by 7417?
7414
What is the remainder when 4376974 is divided by 192?
142
Calculate the remainder when 137495 is divided by 8560.
535
Calculate the remainder when 5565530 is divided by 695689.
18
Calculate the remainder when 3441905 is divided by 26274.
11
What is the remainder when 9743821 is divided by 3321?
7
What is the remainder when 38319833 is divided by 2947?
2939
What is the remainder when 2027488 is divided by 97?
91
What is the remainder when 817885 is divided by 1152?
1117
What is the remainder when 62386 is divided by 4443?
184
Calculate the remainder when 3436588 is divided by 3436562.
26
Calculate the remainder when 184127667 is divided by 2755.
2752
Calculate the remainder when 5199532 is divided by 179294.
6
Calculate the remainder when 20233571 is divided by 459.
392
What is the remainder when 65575 is divided by 13094?
105
Calculate the remainder when 1160715 is divided by 3180.
15
What is the remainder when 194301 is divided by 48573?
9
Calculate the remainder when 33584 is divided by 2129.
1649
Calculate the remainder when 20098643 is divided by 31.
10
What is the remainder when 19996 is divided by 19720?
276
What is the remainder when 1376151 is divided by 688075?
1
What is the remainder when 1789470 is divided by 29824?
30
Calculate the remainder when 284971 is divided by 14247.
31
Calculate the remainder when 1756512 is divided by 9053.
230
What is the remainder when 24000739 is divided by 46?
9
What is the remainder when 22358288 is divided by 7452756?
20
What is the remainder when 22438193 is divided by 5642?
5601
Calculate the remainder when 12254618 is divided by 11.
2
What is the remainder when 4324664 is divided by 16319?
129
Calculate the remainder when 3718672 is divided by 137728.
16
What is the remainder when 7580927 is divided by 12?
11
What is the remainder when 255927 is divided by 127499?
929
Calculate the remainder when 10507160 is divided by 453.
278
What is the remainder when 46805 is divided by 14480?
3365
Calculate the remainder when 5612279 is divided by 2003.
1876
Calculate the remainder when 7180002 is divided by 3612.
2958
What is the remainder when 584486 is divided by 519?
92
Calculate the remainder when 3978601 is divided by 1701.
1663
Calculate the remainder when 5412380 is divided by 1415.
5
What is the remainder when 3771901 is divided by 7651?
7609
What is the remainder when 272286 is divided by 6389?
3948
What is the remainder when 44397999 is divided by 4439799?
9
Calculate the remainder when 170666 is divided by 414.
98
What is the remainder when 429355 is divided by 24?
19
Calculate the remainder when 1270099 is divided by 70561.
1
Calculate the remainder when 16745313 is divided by 1718.
1685
What is the remainder when 3670863 is divided by 80?
63
What is the remainder when 70191 is divided by 68933?
1258
What is the remainder when 320369 is divided by 28?
21
Calculate the remainder when 2962005 is divided by 756.
753
What is the remainder when 1187610 is divided by 9425?
60
What is the remainder when 12482503 is divided by 135?
133
What is the remainder when 162961576 is divided by 39?
37
Calculate the remainder when 713334 is divided by 71.
68
What is the remainder when 43766259 is divided by 471?
468
What is the remainder when 665834 is divided by 627?
587
Calculate the remainder when 1108219 is divided by 1417.
125
What is the remainder when 162754902 is divided by 1857?
1851
What is the remainder when 5068128 is divided by 7432?
6936
What is the remainder when 6844042 is divided by 1646?
1620
Calculate the remainder when 581647 is divided by 16563.
1942
Calculate the remainder when 31762799 is divided by 108.
107
What is the remainder when 1580619 is divided by 75?
69
What is the remainder when 104760 is divided by 142?
106
Calculate the remainder when 625373 is divided by 1527.
830
Calculate the remainder when 1126989 is divided by 14086.
109
What is the remainder when 341685245 is divid